nd derivative of l**4/12 - l**3/2 + 3*l**2/2 - 2*l. Let a be y(2). Is 2 - 2 - (a - 52) prime?
False
Suppose -4*c - 744 = -2*n, n - c + 128 - 499 = 0. Let z = n - 41. Is z prime?
False
Let d(c) = -2*c**2 - 3*c + 4. Let n be d(-3). Is n + (-9)/(-3) - -25 composite?
False
Suppose 6 = 3*b - 3. Suppose -p + 8 = 3*p - 4*w, -3*p - b*w = -24. Suppose 0 = -5*g - q + 99, 4*g - 57 = p*q - 1. Is g composite?
False
Is 2 + -1 + (-1)/(5/(-40730)) prime?
True
Suppose -1084 + 331 = -3*y. Is y prime?
True
Let j be 2*(-20)/(-16)*6. Let d = j + 6. Is d a prime number?
False
Suppose 5*m + l = 6, 0*m + m = l + 6. Suppose 6*z - 257 = m*z - k, -2*k = 5*z - 319. Is z a composite number?
True
Let c(i) = -4*i - 2*i**2 + 3*i**2 + 12*i. Let l be c(-6). Let x = 26 + l. Is x prime?
False
Let q = 2 - 1. Let d be 2 + (-2)/q - -2. Suppose 53 = d*s + 5*c, -s + 3*c + 0 = 1. Is s composite?
True
Suppose 2*u + 8 = 0, -w + 5*u + 970 = -743. Is w prime?
True
Suppose 2*b - 20 = 3*u - 0*u, -2*b = -u - 12. Suppose 0 = -2*y - 3*c + 407, -c + b*c + 1070 = 5*y. Is y composite?
False
Let l(p) = -2*p + 5. Is l(-14) a prime number?
False
Suppose -3*h = -428 - 19. Is h composite?
False
Suppose -4*x + 0 = -4, -2*x = -3*n + 91. Is n prime?
True
Suppose 0 = -2*h - u + 6, -4*h - u + 1 = -3*h. Suppose -h*n + 150 = -0*n. Is 7/2*(n - 4) composite?
True
Suppose 5*g - 7*h = -3*h + 477, -289 = -3*g + h. Is g prime?
True
Suppose m + 0*m + 6 = 0. Let p = 8 + m. Suppose 0 = -2*b + 5*u - 27 + 197, -p*b + 4*u = -174. Is b a prime number?
False
Let q = -2140 + 4789. Is q prime?
False
Let j(h) = -h**3 - h**2 + 114. Let l be j(0). Suppose 2*d = s + l, -5*s = -2*d + 6*d - 256. Is d a composite number?
False
Let c(s) = 3*s**2 - s - 3. Is c(-5) composite?
True
Suppose -2*p + 2002 = 4*v, 0 = v + 3*v - p - 1993. Is v composite?
False
Let q = 4 - 11. Let c(w) = 2*w**3 + 14*w**2 + 23*w - 3. Let p(o) = -o**3 - 7*o**2 - 12*o + 1. Let v(s) = -3*c(s) - 5*p(s). Is v(q) prime?
True
Let r = 716 + 91. Is r a composite number?
True
Let q = 852 + -385. Is q a composite number?
False
Suppose -2*d - 5*b = -200, -100 = -d + b - 3*b. Let v = 287 - d. Is v a prime number?
False
Let c be 113/3 - (-4)/(-6). Suppose 4*w - 5*v = c, 0*w - 3*w + 4*v + 27 = 0. Is w a composite number?
False
Suppose -4*z + 8512 = 2*q, 0 = -4*q + 2 - 10. Is z composite?
False
Let r(k) = 18*k**2 + 11*k - 1. Is r(4) prime?
True
Let s = 719 + -457. Is s prime?
False
Suppose 3*t + 5*i + 0*i - 644 = 0, 882 = 4*t + 2*i. Is t a composite number?
False
Let d = -11 - -7. Let l = d - -7. Suppose 0 = -l*a + 3*w + 249, 0 = -a + 2*w + 35 + 52. Is a a composite number?
False
Suppose -5*c = -3*p + 2, 4*c - 2*c - 4*p + 12 = 0. Let q be -8*3*(-1)/c. Suppose -5*n + 5*r + 63 = -q, -40 = -5*n - 2*r. Is n prime?
False
Suppose 2*r - 6*r + 8 = 0. Is (3/(-6))/(r/(-28)) a composite number?
False
Let r = -11 + 13. Is (-34)/(r/(-1)) + 2 a composite number?
False
Is (7 + 3)/((-2)/(-7)) a composite number?
True
Let w(j) = -j**3 - 5*j**2 + 8*j - 10. Is w(-8) composite?
True
Let v = 16 + 133. Is v composite?
False
Let v = 30 - -1. Suppose 2*q = 261 - v. Is q a prime number?
False
Let w = -8 - -6. Let i = 8 + w. Is 125 + (-1 - i/(-2)) composite?
False
Let w = 2 + -2. Suppose -s + 2*s - 2 = w. Suppose -3*i - s*l + 270 = l, 0 = 3*i - l - 250. Is i composite?
True
Let u(l) = 32*l + 1. Suppose 2*i - 5 + 1 = 0. Is u(i) a prime number?
False
Let b(t) = 367*t + 8. Is b(3) a prime number?
True
Let p = 3316 - 531. Is p a composite number?
True
Let w(x) = x + 7. Let n be w(-3). Is -7 + n + (1 - -73) a prime number?
True
Suppose -3*z + 3*d + 3846 = 0, 5*z + 693 - 7083 = d. Is z prime?
True
Let i = 83 - -451. Let f = i - 343. Is f composite?
False
Suppose -5*v + 2*p + 5761 = 0, 5*v - 1302 - 4444 = -3*p. Is v prime?
True
Let g(u) = u**2 + 6*u + 2. Let m be (0 - 5)*(-6)/(-5). Let b be g(m). Is 13368/(-6)*b/(-8) prime?
True
Let x(v) be the third derivative of -v**4/8 + v**3/3 - v**2. Let c(s) = -s - 2. Let m be c(5). Is x(m) a composite number?
False
Let g = 115 + -242. Let q = g + 268. Is q a prime number?
False
Suppose 2*d - 5*g = 1101, 4*d + 9*g = 4*g + 2127. Is d a composite number?
True
Let b = -41 - 46. Let r = b + 178. Is r a composite number?
True
Let b = 3 - 2. Let x(o) = 372*o**2 - o. Is x(b) a prime number?
False
Suppose -t = 2*t - 174. Suppose 0 = 3*r - 143 - t. Is r a composite number?
False
Let q(a) = 154*a + 3. Let k be q(-2). Is 1 - (1 - 2) - k composite?
False
Let m(k) = -83*k**3 - k**2 - k - 1. Is m(-1) a composite number?
True
Is 19479/12 + (-3)/12 composite?
True
Suppose 0 = 2*g + 37 + 7. Is (-6)/(-33) + (-4198)/g a prime number?
True
Let m(t) = t**2 - 3*t + 2. Let n be m(3). Let c be 56/n + (-1)/(-1). Let b = c + -16. Is b composite?
False
Suppose 0*j = -3*j - 501. Let z = j + 234. Suppose 4*u - z = 73. Is u composite?
True
Let q = 0 + 1. Suppose 5 = -5*o - 0. Is (o/(q/(-97)))/1 prime?
True
Suppose 0 = -5*x + 4*b + 283, 0*b - 4*b = -2*x + 118. Is x a composite number?
True
Suppose -2*h = 3*l - 3757, -4*l = -3*h + 8*h - 5000. Is l a prime number?
False
Let w be 7/35 - (-1428)/10. Let n = w - -116. Is n a composite number?
True
Let s(t) be the second derivative of t**3/3 - t**2/2 - t. Let p be s(3). Suppose 97 = p*x - 18. Is x a prime number?
True
Let c(r) = -r**3 + 12*r**2 + 10*r - 5. Is c(-10) a prime number?
False
Suppose 4 = p + 3*p. Let y be -4 - p - -2*1. Is ((-67)/y)/(6/18) a composite number?
False
Suppose 3*z - 4681 = -1324. Is z a prime number?
False
Let w(v) = 130*v - 8. Is w(3) a composite number?
True
Let c = -1057 + 2376. Is c a composite number?
False
Suppose 0 = -63*r + 59*r + 2216. Is r a composite number?
True
Suppose -v - 4*a = -7 - 8, -v = 3*a - 11. Is (2 - 999/3)/v prime?
True
Let r = -109 + 322. Is r prime?
False
Let w(v) = 5*v + 1. Let s(x) = -x + 1. Let j(a) = -2*s(a) - w(a). Let q be j(7). Let m = q - -91. Is m a composite number?
False
Let o(d) = 30*d - 5. Suppose -p - 10 = -3*p. Is o(p) a prime number?
False
Let a = 2 - 2. Suppose -5*v - 4*u + 467 = 0, 3*v = 4*u - a*u + 261. Is v a prime number?
False
Suppose 0 + 6 = 2*r + 2*k, -r - 3*k + 9 = 0. Suppose r = z + d + 72, -6*d + d = 10. Let x = z - -101. Is x composite?
False
Is (-19416)/(-24)*(1 + -1 + 1) composite?
False
Suppose q = f - 5, 3*q + 23 = 6*f - f. Is (-376)/(-6) - f/6 a prime number?
False
Suppose -5*z = -6*z + 3. Suppose -z*q = -206 - 40. Let x = q - 59. Is x a prime number?
True
Suppose -3*d + 2*j + 131 = -0*d, 2*j - 10 = 0. Is d composite?
False
Is 2 - (14/63 + 77206/(-18)) prime?
False
Is (-919)/(3/(-7 - -4)) a composite number?
False
Let y = 425 + 89. Is y prime?
False
Let k(l) be the third derivative of 143*l**4/24 - l**3/6 + l**2. Let i be k(2). Suppose -i = -9*m + 4*m. Is m a composite number?
True
Let n(a) = a**3 + 5*a**2 + a + 4. Let h be n(-5). Let t be 6*(h - (-15)/9). Suppose -2*r - 155 = -5*u + 26, 0 = u + t*r - 45. Is u a composite number?
False
Suppose 2*n - 1061 = -5*w, -2*w + 2*n = -w - 205. Is w a prime number?
True
Let v = 1332 - 887. Is v a prime number?
False
Let m be ((-8)/12)/(4/(-18)). Let z(u) = 27*u - 4. Is z(m) a composite number?
True
Let l be -3*(-1 + (-5)/3). Suppose 9*w - l*w = 3. Suppose -w*z = -z - 38. Is z a prime number?
True
Let f(x) = -31*x + 9. Suppose -2*o + 13 = -p, -2*o - 2*p - 3*p - 5 = 0. Let h(t) = -2*t + 2. Let g be h(o). Is f(g) a composite number?
False
Let v = 19 - 32. Let l = -7 - v. Is l prime?
False
Suppose -l = h - 10, -4*l + 5 = -2*l - 3*h. Let u be 16/(3/(l + 2)). Suppose -2*p = i - 43, -2*p + u = i - p. Is i composite?
False
Suppose 3*a + 3 = 5*r, -4*r - 5*a - 5 = r. Let x = r + 2. Is (-4)/((-8)/110) - x prime?
True
Suppose -5*p = -6*p + 1087. Is p a composite number?
False
Let a(h) = -h - 1. Let d be a(-2). Let t be ((-3)/(-2))/(d/2). Suppose 0 = t*b + 4 - 43. Is b prime?
True
Let o(d) = d**3 - d**2 - 13*d + 1. Let x(c) = 6*c - 1. Let l(b) = 2*o(b) + 5*x(b). Is l(4) composite?
False
Let l = -32 - -47. Suppose 38 = w - l. Is w prime?
True
Let q = 1372 + -3802. Let w = 3466 + q. Suppose 5*a - a - w = 0. Is a composite?
True
Is (14/21)/(4/1614) prime?
True
Let z be -6*(-1 - 5/(-3)). Suppose 3*x - 15 - 6 = 0. Let d = z + x. Is d prime?
True
Let n = -128 + 90. Let x = 128 + -68. Let h = x + n. Is h a composite number?
True
Let p(z) = 217*z -